ded by b?
16
Suppose -5*n + 7*n + 16 = 0. Calculate the remainder when 63 is divided by (-8)/n + 1*(-39)/(-3).
7
Suppose 4*j - 608 = 4*h, 26*j - 28*j + 3*h = -304. Suppose -t + 2*y = 4*y - 20, 5*y = -3*t + 61. What is the remainder when j is divided by t?
20
Suppose -13*q = -1630 - 853. What is the remainder when q is divided by 70?
51
Suppose -24*r + 4*i - 490 = -25*r, -2012 = -4*r - 3*i. What is the remainder when r is divided by 247?
12
Let u = -2654 + 2853. What is the remainder when u is divided by 62?
13
Suppose o + 0*o - 3*h - 228 = 0, 230 = o - h. Let s = -117 + o. Suppose 0 = -q - q + s. What is the remainder when q is divided by 30?
27
Let w = 646 + -159. Calculate the remainder when w is divided by 10.
7
Calculate the remainder when 127 - ((-222)/(-36) + (-1)/6) is divided by 4.
1
Let v = -99 - -165. Let z = -1007 + 1030. Calculate the remainder when v is divided by z.
20
Suppose 3*b = 2*h - 19 + 152, -2*b + 3*h = -82. Calculate the remainder when b is divided by 34.
13
Let x be -1*(8/(6 + -4) - 10). Suppose 21 = a + 2*i, a - 5*i = x*a - 105. What is the remainder when 103 is divided by a?
19
Let j(n) = -n**3 - 2*n**2 - 3*n - 2. Let y be j(-1). Suppose -2*q + 4*q - 74 = y. Calculate the remainder when q is divided by 10.
7
Let v(d) = 12*d**2 - 18*d. Suppose 5 = -4*k - 3*x + 21, 2*k - 2 = -3*x. Calculate the remainder when v(3) is divided by k.
5
Let r(v) = -v**3 - 23*v**2 + 21*v - 41. Calculate the remainder when r(-24) is divided by (-4)/10 - (-68)/20.
1
Suppose -4*i = -1 - 3, 2*b = -2*i + 242. Suppose -4*r + b = -36. What is the remainder when r is divided by 10?
9
Suppose 30*y = 617 + 2563. Calculate the remainder when y is divided by 49.
8
Suppose 3*w - 2*k = 359, 379 = 3*w + 24*k - 22*k. Calculate the remainder when w is divided by 7.
4
Let l = -1 - -84. Suppose -l - 4 = -3*q. Suppose -4*h = 2*j - 346, -12*h - 4*j = -15*h + 243. What is the remainder when h is divided by q?
27
Suppose 6*p = 4*p + 50. Let i(l) be the first derivative of -l**2/2 + 4*l - 12. Calculate the remainder when p is divided by i(-9).
12
Let t(g) be the first derivative of g**3/3 + 5*g**2/2 + 4*g - 11. What is the remainder when t(-6) is divided by 2?
0
Suppose 0 = -6*b + 6 + 18. Suppose 31 = 5*c - b. What is the remainder when c is divided by 4?
3
Let v(i) = i**2 - 1. Let p be v(-2). Suppose -2*k + 115 = p*k. Calculate the remainder when 66 is divided by k.
20
Suppose 57 = 2*w + 23. Let g be 0 - (0 + 1 + -3). Suppose -g*j + 201 = j. What is the remainder when j is divided by w?
16
Let z(a) = 2*a - 2. Let h(s) be the third derivative of -s**6/120 + s**5/10 + 3*s**4/8 - 5*s**3/3 - s**2. Calculate the remainder when h(7) is divided by z(2).
0
Suppose -47*n = -635 - 1433. Calculate the remainder when n is divided by 8.
4
Suppose -2*u + 25 = -7. Suppose 36 + 41 = j. Calculate the remainder when j is divided by u.
13
Let c be (6 - -1)/(2/(-4)). What is the remainder when 42 is divided by (-326)/c + (-4)/14?
19
Suppose -33 = -3*f - r + 16, 5 = -r. Let j = 1 - 0. What is the remainder when f is divided by (9 - j)*(-4)/(-8)?
2
Suppose -2*v = -h - 69, 5*v - 2*h - 173 = -0*h. Let s(o) = 12*o + 55. Calculate the remainder when s(7) is divided by v.
34
Let a be (-2)/4 - (-126)/(-4). Let z(c) = 22*c + 430. Let m be z(-16). Let f = a + m. What is the remainder when f is divided by 16?
14
Suppose 0 = -d - 5*k - 7, -2*d + k + 56 = 2*d. Let v(a) = -115*a + 24. What is the remainder when v(0) is divided by d?
11
Let p(c) = 0 - 8*c + 4 + c**3 - 6 + c**2 - 10*c**2. Calculate the remainder when 69 is divided by p(10).
15
Let g be 3/(5 + 1)*6. Suppose -g*q + 14 = -10. Suppose 3*f = f + 42. What is the remainder when f is divided by q?
5
Let m(u) = -8*u**2 + 2*u - 1. Let h be m(2). Let t = 54 + h. Suppose 2*r + d - 2*d = 149, -5*r + 355 = d. Calculate the remainder when r is divided by t.
22
Let u = -155 + 89. Let l = u - -99. What is the remainder when l is divided by 12?
9
Let k = 67 + -64. Calculate the remainder when 4/(-18)*k*(-27)/2 is divided by 8.
1
Let r(u) = -22*u + 5*u**2 - 6 - 5 + 15 - 1. What is the remainder when 47 is divided by r(5)?
11
Suppose -f = -3 - 1. Let o(k) = -k**3 + 8*k**2 - 9*k + 6. Let q be o(7). Let s = q + 13. Calculate the remainder when s is divided by f.
1
Let g(s) = -s**2 + 87*s - 305. What is the remainder when g(63) is divided by 13?
11
Let y(o) = 22*o**2 - 125*o - 1. Calculate the remainder when 68 is divided by y(6).
27
Suppose -3*z - 8 = 2*d, 2*d = 3*z + 2*z + 24. What is the remainder when -4 + (-70)/(-1 + z) is divided by 7?
3
Suppose 3*j + 406 = 2*l, 3*j - 710 = -3*l - 131. What is the remainder when l is divided by 66?
65
Let u(x) = -x**3 + 3*x**2 + 7*x - 6. Suppose 3*p + 5*t + 7 = 92, 0 = -p - 5*t + 45. Suppose 0*r = -r + p. Calculate the remainder when r is divided by u(4).
2
Let f(h) = 26. Let m(q) = -q. Let n(x) = -f(x) + 6*m(x). Calculate the remainder when 64 is divided by n(-8).
20
Suppose -99 = -8*i + 5*i. Suppose -2*p - 2 - 60 = -4*s, -2*s = 2*p - 40. Calculate the remainder when i is divided by s.
16
Suppose -2*b + 253 = -91. What is the remainder when b is divided by (-30422)/(-1066) - (-12)/26?
27
Suppose 20 = 3*m - 5*y, 0 = 3*m - 3*y - y - 19. What is the remainder when 39 is divided by (m - -1) + 0/4?
3
Let v = 280 + -266. Calculate the remainder when 307 is divided by v.
13
Let t(m) = -10*m - 636. What is the remainder when 338 is divided by t(-75)?
110
Suppose 0 = t - 4*t - 3*p + 63, -3*p = -15. Calculate the remainder when 317 is divided by t.
13
Let x be 26/5*(-150)/(-6). What is the remainder when 93 is divided by (-1*2)/(x/33 - 4)?
27
Suppose 6*q = -2 + 152. Calculate the remainder when 38 is divided by q.
13
Let n(f) = -f + 10. Let u be n(0). Let l be 264/u + 18/30. Let j = -11 + l. What is the remainder when 31 is divided by j?
15
Let w(d) = -2*d**2 - 36*d + 3. What is the remainder when 60/14 - (-2)/(-7) is divided by w(-18)?
1
Let f = 4 - -4. Let g = -4 + f. Suppose -38 = -v + 4*i - 0*i, -2*v + 72 = -g*i. What is the remainder when v is divided by 9?
7
Let c = -2 - -8. Suppose -3 = 3*t + c. Let r(b) = -b + 1. Calculate the remainder when 10 is divided by r(t).
2
Suppose -c - 6 = -0*f - 4*f, 0 = -3*f + 5*c - 4. Suppose -3*p + 2*p + 27 = 5*v, 0 = 3*p + f*v - 16. Calculate the remainder when 3 is divided by p.
1
Let w(k) = 3*k**2 + 9*k + 22. Let p be w(-5). Let t = 58 - p. Calculate the remainder when 17 is divided by t.
5
Let t = 0 - -9. Let n(i) = t*i + 2 + 3*i - 10*i. What is the remainder when 19 is divided by n(5)?
7
Let p(c) = -2*c**2 - 6*c - 7. Let s be p(-3). Let a = 16 + s. Suppose 2*y + a - 81 = 0. Calculate the remainder when y is divided by 13.
10
Let n(x) = 443*x**2 - 9. What is the remainder when n(2) is divided by 36?
35
Suppose -5*x - 2 = 3. Let n = -7 - x. Let d = n + 15. Calculate the remainder when 17 is divided by d.
8
Let j = -1953 - -1986. What is the remainder when j is divided by 25?
8
Calculate the remainder when 477 is divided by (2*6)/((-42)/(-819)).
9
Suppose -4*n = -12, 3*t + 2*n + 12 = 6*n. Suppose t = 3*c - 6*c + 27. Let p = 20 + -17. Calculate the remainder when c is divided by p.
0
Suppose m - 2*m - 12 = -3*y, 2 = -m + y. Calculate the remainder when 17 is divided by 12*(-1 + 2) - m.
8
Let t = 67 + 135. Suppose 5*a - 3 = t. Calculate the remainder when 160 is divided by a.
37
Suppose -4*p - 3*f = -230, -7*p - 124 = -9*p + 3*f. What is the remainder when 123 is divided by p?
5
Let x(q) = -60*q - 89. Let d(v) = 7*v**2 + v. What is the remainder when x(-2) is divided by d(1)?
7
Let a be 5 + -2 + (-3 - 0). Suppose -13*d + 171 + 102 = a. What is the remainder when d is divided by 12?
9
What is the remainder when 315 is divided by (-1)/(-1) - 3465/(-55)?
59
Calculate the remainder when 143 is divided by -76*4/(-8) + 2/(-1).
35
Let k = 78 - 55. Suppose -14 = -0*w - 2*w. Let i(g) = g + 5. What is the remainder when k is divided by i(w)?
11
Let l(h) = -h**3 - 2*h**2 + 3*h + 3. Let w be l(-3). Suppose -k + w*k = 44. What is the remainder when 41 is divided by k?
19
Let o(v) = 0*v - 2*v + 5*v**2 + 3*v. Let k(p) = -2*p**3 - p**2 + p + 1. Let x be k(1). Calculate the remainder when 5 is divided by o(x).
1
Let x(t) = -t + 17. Let f be x(13). Calculate the remainder when 37 - 20 - (f - 1) is d